f and 760.
19
Suppose 66*a = 75*a - 3780. What is the greatest common divisor of a and 60?
60
Let c(k) = -8. Let y(u) = -u + 15. Let t(z) = -7*c(z) - 4*y(z). Let d be t(8). What is the highest common factor of 70 and d?
14
Let l(h) = 5*h**2 - 13. Let t be l(-9). Let i be 1/(-2) - t/(-16). Let y be i/((-9)/12*-2). What is the greatest common factor of 2 and y?
2
Let w(o) = o**2 + 2*o + 2. Let x(r) = r**3 + 16*r**2 - 16*r + 21. Let v be x(-17). Let u be w(v). What is the highest common factor of 104 and u?
26
Let i(j) = -3*j + 8*j - 2 - 3*j. Let l be i(7). Suppose 0 = 4*v - 164 - 268. What is the greatest common divisor of l and v?
12
Suppose 5*x + 1138 = 3*q + 11, 2*q - 2*x = 750. What is the greatest common divisor of q and 68?
34
Let k(s) = -14*s**2 - 13*s + 36. Let y(x) = 5*x**2 + 4*x - 12. Let c(o) = 4*k(o) + 11*y(o). Let v be c(-8). Calculate the highest common divisor of 24 and v.
12
Let d(p) = 2*p**3 - 98*p**2 - 95*p - 160. Let h be d(50). Calculate the greatest common divisor of h and 720.
90
Let q be 9/6*114/9. Let k = q + -13. Let p(z) = -z + 4. Let y be p(-8). What is the highest common divisor of y and k?
6
Let v be 120/7*14/2. Suppose 56*d + v = 58*d. Calculate the highest common divisor of 12 and d.
12
Suppose -5*i - 138 = 107. Let b = -22 - i. Let t be (-460)/(-45) - 6/b. What is the greatest common divisor of 10 and t?
10
Let u = 12 - 7. Suppose 0 = -u*i + 2*k + 46, 4*i - k = -4*k + 23. Let h be 42 + (1 - 2) - 1. Calculate the highest common divisor of i and h.
8
Let k be ((-42)/(-5) + 14/(-10))*2. Calculate the highest common divisor of k and 441.
7
Let c(m) = 18*m - 951. Let n be c(64). What is the greatest common factor of 938 and n?
67
Suppose 2*z - 72 = -z. Let i(r) = -r + 78. Let h be i(0). Let p = h - -90. Calculate the highest common factor of p and z.
24
Let w be 3/6 + (-10)/(-4). Suppose 7*o - 968 = w*o. Let q = -3 + 25. Calculate the greatest common divisor of o and q.
22
Let u = -147 + 93. Let a be (u/12)/(1/(-12)). What is the greatest common factor of 18 and a?
18
Suppose -4*w + 16 = 0, w - 11 = 2*j + 55. Suppose 3*p + 26 = -b + 156, 2*p + 4*b = 90. Let m = j + p. Calculate the greatest common factor of m and 6.
6
Let d = -377 - -393. What is the greatest common factor of d and 752?
16
Suppose 0 = 5*j + 3*u - 2425, 2*j + 3*u = j + 473. Suppose 3*i - j = -3*r + 4*r, -i = -3*r - 152. Calculate the greatest common divisor of i and 41.
41
Let g = -139 - -454. What is the highest common factor of g and 70?
35
Let c(w) = 77*w**2 + 2*w + 1. Let o be c(-1). Let s(n) = -17*n - 18. Let d be s(3). Let x = 107 + d. What is the highest common divisor of o and x?
38
Let h = -45 + 48. Suppose -h*g = -2*p - p + 33, 0 = p + g - 15. Let v = 176 - 33. What is the greatest common factor of p and v?
13
Let k(f) = 2*f + 19. Let c be k(-4). Calculate the highest common factor of c and 1.
1
Let q be ((-10)/(-4))/((-2)/(-36)). Let t(n) = 7*n - 27. Let a be t(4). Let o be 17 - (0 - a - 3*-1). Calculate the greatest common factor of q and o.
15
Suppose 5*g - 54 = 121. Suppose 2*y = y + x + g, 0 = 2*y + 2*x - 74. What is the greatest common divisor of 54 and y?
18
Suppose -20 = -2*o + 20. Suppose -2*n - o = -3*n. Calculate the highest common divisor of 80 and n.
20
Let g = -1861 + 1881. Calculate the greatest common divisor of g and 170.
10
Let i(c) = 7*c + 10. Let g be i(5). Let t be (42/(-4))/((g/24)/(-5)). Calculate the greatest common factor of t and 4.
4
Suppose -20 = -8*b + 3*b. Suppose -3*x = -6*q + 5*q + 117, -5*q = -b*x - 596. Let z be 2*((-675)/(-10))/9. Calculate the highest common factor of q and z.
15
Let l = 2 - 10. Suppose 0 = v - 5*v + 4, -v = -4*m - 121. Let i = l - m. What is the greatest common divisor of 2 and i?
2
Let g = 4892 - 4872. Let j(u) = u**3 + 7*u**2 + 7*u + 5. Let z be j(-5). Calculate the greatest common factor of z and g.
20
Let l(r) = 5*r**2 - 8*r - 2*r**2 + 5 - 4*r**2 + r. Let f be l(-7). Let j be (3 + f)*16 + 0. What is the greatest common divisor of j and 16?
16
Let q = -313 + 322. Let h(g) = -52*g - 3. Let u be h(-3). What is the greatest common factor of u and q?
9
Let z be -1*9/(-27) - 68/(-12). Calculate the highest common divisor of 102 and z.
6
Suppose -5*k - 70 = -5*y, 2*y + 2*k = 5 + 11. Suppose -6 = -3*z, o - y = -4*z + 12. Suppose -4*q + 551 = 71. What is the greatest common divisor of o and q?
15
Suppose -v - 3*j = -706, 925 - 240 = v - 4*j. Calculate the greatest common divisor of v and 17.
17
Suppose -5*g + 19 = -u, 3*g - 2*u - 9 = u. Let x be (-10)/(-25)*30/g. Calculate the greatest common divisor of 3 and x.
3
Let j = 362 + 534. What is the highest common divisor of 28 and j?
28
Let u be 56/24 + (-2)/(-3). Suppose -2*h - 4 = -u*h + 5*s, h = 2*s + 10. Calculate the highest common factor of h and 14.
14
Suppose -10*j + 329 = -181. Let k = 67 - j. What is the greatest common divisor of 2 and k?
2
Let a be 1*-1*(-1)/(-1). Let x = 9 + a. What is the highest common factor of 8 and x?
8
Let o = 12 + -7. Let s = -4 - -15. Suppose 0 = -10*k + s*k - 5. What is the greatest common factor of k and o?
5
Let f = -3 - -2. Let i be (154/(-42))/(f/3). What is the greatest common factor of 33 and i?
11
Let p(n) = -13*n + 19. Let l be p(0). What is the highest common factor of 2 and l?
1
Suppose -15 = -4*l - 5*t, 5*t - 22 + 17 = -2*l. Suppose 5*n = -21 + 221. What is the highest common divisor of n and l?
5
Let g be (1/(-3))/(2/(-125 - 1)). Calculate the greatest common factor of g and 1743.
21
Let v = 352 - 37. Calculate the highest common factor of 18 and v.
9
Let c be 0/((-35)/7 - -6) - -176. What is the highest common divisor of c and 396?
44
Suppose 3*d = -2*w - 0*d + 557, -4*w = d - 1119. Let p(b) = -2*b**2 + 62*b - 225. Let u be p(26). Calculate the highest common factor of u and w.
35
Suppose -4*p - 3 = 13, -10 = o + p. Let s be 9/o*(-42)/9. Let n be 183/9 + 2/3. What is the highest common factor of s and n?
7
Let y = -9510 + 9513. Let a = -3 + 7. What is the greatest common factor of y and a?
1
Let d be (-676)/(-65) - (18/(-15))/(-3). Calculate the highest common factor of 10 and d.
10
Let y = 35 - 16. Let w(v) be the first derivative of 75*v**4/4 - v**3/3 + v**2/2 + v - 18. Let k be w(1). Calculate the highest common factor of y and k.
19
Let i be ((-2)/(-3))/((-11)/((-15741)/18)). Calculate the highest common factor of 159 and i.
53
Let l(z) = -z**3 + 36*z**2 - 69*z - 30. Let x be l(33). Calculate the highest common factor of 8 and x.
8
Let n(u) = -u**3 + 2*u**2 + 2*u + 3. Let g(v) = v**3 - v**2. Let m(s) = -2*g(s) - n(s). Let l be m(-2). What is the greatest common divisor of 45 and l?
9
Let w be 22/(-55) - 204/(-10). Calculate the greatest common factor of w and 180.
20
Let r = -245 + 544. Let h(q) = -q**2 + 3*q + 13. Let o be h(0). What is the greatest common divisor of o and r?
13
Let j = -129 - -199. Suppose -3*c = 2*w - 4*w - 46, 0 = c - 4*w - 22. What is the greatest common divisor of j and c?
14
Suppose -a = -9*a. Suppose -3*s - 6 = i, -4*i + 20 = -a*s + s. What is the highest common factor of i and 6?
6
Let w(u) = -24*u + 110 - u**2 - 160 + 0*u**2. Let v be w(-21). Let d = -10 - -23. What is the highest common factor of v and d?
13
Let h be (30/2)/(((-9)/117)/(-1)). Calculate the highest common factor of 30 and h.
15
Suppose -3*f = -q + 13 + 84, -f - 36 = -4*q. Let u = 45 + f. Let d = -11349 + 11362. Calculate the highest common factor of d and u.
13
Let b be -2 + (-6)/3 + 84/3. Calculate the greatest common divisor of b and 120.
24
Let d be (-64)/(-11) + 196/1078. Calculate the greatest common factor of 27 and d.
3
Let u = -47 - -51. Suppose -u*j - j + 190 = 0. What is the greatest common divisor of 19 and j?
19
Suppose j + j = 0. Suppose -5*i + j*i + 70 = 0. What is the greatest common factor of i and 35?
7
Let t(d) = -d**2 - 7*d - 4. Let i be t(-6). Suppose x = -5*h - x + 30, -3*h = 5*x - 18. Calculate the highest common factor of i and h.
2
Suppose 2*s = u + 11, 15 = -8*u + 5*u. Suppose -3*y - v = v - 27, 2*y - 31 = s*v. Let z = 191 - 114. What is the greatest common divisor of y and z?
11
Suppose -i = 2*v + 2*i - 212, -v = -4*i - 106. Calculate the greatest common divisor of v and 371.
53
Let c be 22/143 + 3/(-39)*2. Suppose p = -2*p + n + 57, c = p - n - 17. What is the highest c